{"id":508,"date":"2011-06-09T21:44:58","date_gmt":"2011-06-09T19:44:58","guid":{"rendered":"http:\/\/www.amstramgram-dissay.fr\/creche\/?page_id=508"},"modified":"2024-09-04T10:19:57","modified_gmt":"2024-09-04T08:19:57","slug":"contactez-nous","status":"publish","type":"page","link":"http:\/\/karabouille.com\/creche\/contactez-nous\/","title":{"rendered":"Contactez-nous"},"content":{"rendered":"\n<hr class=\"wp-block-separator has-alpha-channel-opacity\"\/>\n\n\n\n<div class=\"wp-block-group is-nowrap is-layout-flex wp-container-core-group-is-layout-1 wp-block-group-is-layout-flex\">\n<table style=\"border-collapse: collapse; width: 100%;\">\n<tbody>\n<tr>\n<td style=\"width: 100%;\">Cr\u00e8che Karabouille<br \/>All\u00e9e des bouleaux<br \/>86130 DISSAY<br \/>T\u00e9l : 05 49 62 58 79<br \/><span style=\"color: #0000ff;\"><a href=\"mailto:multiaccueil@karabouille.com\">multiaccueil@karabouille.com<\/a><\/span><\/td>\n<\/tr>\n<tr>\n<td style=\"width: 100%;\"><iframe loading=\"lazy\" src=\"http:\/\/maps.google.fr\/maps\/ms?msa=0&amp;msid=213274496572113930582.0004a896e20d50a9a3c8a&amp;ie=UTF8&amp;t=h&amp;source=embed&amp;ll=46.703637,0.416799&amp;spn=0,0&amp;output=embed\" width=\"312\" height=\"312\" frameborder=\"0\" marginwidth=\"0\" marginheight=\"0\" scrolling=\"no\"><\/iframe><\/td>\n<\/tr>\n<\/tbody>\n<\/table>\n<\/div>\n","protected":false},"excerpt":{"rendered":"<p>Cr\u00e8che KarabouilleAll\u00e9e des bouleaux86130 DISSAYT\u00e9l : 05 49 62 58 79multiaccueil@karabouille.com<\/p>\n","protected":false},"author":1,"featured_media":0,"parent":0,"menu_order":4,"comment_status":"closed","ping_status":"closed","template":"","meta":{"jetpack_post_was_ever_published":false,"footnotes":""},"class_list":["post-508","page","type-page","status-publish","hentry"],"jetpack_shortlink":"https:\/\/wp.me\/P1VzF5-8c","jetpack_sharing_enabled":true,"_links":{"self":[{"href":"http:\/\/karabouille.com\/creche\/wp-json\/wp\/v2\/pages\/508","targetHints":{"allow":["GET"]}}],"collection":[{"href":"http:\/\/karabouille.com\/creche\/wp-json\/wp\/v2\/pages"}],"about":[{"href":"http:\/\/karabouille.com\/creche\/wp-json\/wp\/v2\/types\/page"}],"author":[{"embeddable":true,"href":"http:\/\/karabouille.com\/creche\/wp-json\/wp\/v2\/users\/1"}],"replies":[{"embeddable":true,"href":"http:\/\/karabouille.com\/creche\/wp-json\/wp\/v2\/comments?post=508"}],"version-history":[{"count":31,"href":"http:\/\/karabouille.com\/creche\/wp-json\/wp\/v2\/pages\/508\/revisions"}],"predecessor-version":[{"id":3770,"href":"http:\/\/karabouille.com\/creche\/wp-json\/wp\/v2\/pages\/508\/revisions\/3770"}],"wp:attachment":[{"href":"http:\/\/karabouille.com\/creche\/wp-json\/wp\/v2\/media?parent=508"}],"curies":[{"name":"wp","href":"https:\/\/api.w.org\/{rel}","templated":true}]}}

<hr class="wp-block-separator has-alpha-channel-opacity"/>



<div class="wp-block-group is-nowrap is-layout-flex wp-container-core-group-is-layout-1 wp-block-group-is-layout-flex">
<table style="border-collapse: collapse; width: 100%;">
<tbody>
<tr>
<td style="width: 100%;">Crèche Karabouille<br />Allée des bouleaux<br />86130 DISSAY<br />Tél : 05 49 62 58 79<br /><span style="color: #0000ff;"><a href="mailto:multiaccueil@karabouille.com">multiaccueil@karabouille.com</a></span></td>
</tr>
<tr>
<td style="width: 100%;"><iframe loading="lazy" src="http://maps.google.fr/maps/ms?msa=0&amp;msid=213274496572113930582.0004a896e20d50a9a3c8a&amp;ie=UTF8&amp;t=h&amp;source=embed&amp;ll=46.703637,0.416799&amp;spn=0,0&amp;output=embed" width="312" height="312" frameborder="0" marginwidth="0" marginheight="0" scrolling="no"></iframe></td>
</tr>
</tbody>
</table>
</div>

<p>Crèche KarabouilleAllée des bouleaux86130 DISSAYTél : 05 49 62 58 79multiaccueil@karabouille.com</p>
