{"id":2517,"date":"2018-04-01T19:01:43","date_gmt":"2018-04-01T17:01:43","guid":{"rendered":"http:\/\/karabouille.com\/creche\/?page_id=2517"},"modified":"2018-04-01T19:42:59","modified_gmt":"2018-04-01T17:42:59","slug":"acces-personel","status":"publish","type":"page","link":"http:\/\/karabouille.com\/creche\/acces-personel\/","title":{"rendered":"Acc\u00e8s personel"},"content":{"rendered":"<p>Attention cette page est r\u00e9serv\u00e9e \u00e0 l&rsquo;acc\u00e8s aux outils de gestion du planning de la cr\u00e8che.<\/p>\n<p>Je suis un salari\u00e9 &#8211;&gt; <a href=\"http:\/\/karabouille.com\/creche\/tests\/Interface_filles.php\">GO<\/a><\/p>\n<p>Je suis le chef &#8211;&gt; <a href=\"http:\/\/karabouille.com\/creche\/admin-login\/\">GO<\/a><\/p>\n","protected":false},"excerpt":{"rendered":"<p>Attention cette page est r\u00e9serv\u00e9e \u00e0 l&rsquo;acc\u00e8s aux outils de gestion du planning de la cr\u00e8che. Je suis un salari\u00e9 &#8211;&gt; GO Je suis le chef &#8211;&gt; GO<\/p>\n","protected":false},"author":1,"featured_media":0,"parent":0,"menu_order":0,"comment_status":"closed","ping_status":"closed","template":"","meta":{"jetpack_post_was_ever_published":false,"footnotes":""},"class_list":["post-2517","page","type-page","status-publish","hentry"],"jetpack_shortlink":"https:\/\/wp.me\/P1VzF5-EB","jetpack_sharing_enabled":true,"_links":{"self":[{"href":"http:\/\/karabouille.com\/creche\/wp-json\/wp\/v2\/pages\/2517","targetHints":{"allow":["GET"]}}],"collection":[{"href":"http:\/\/karabouille.com\/creche\/wp-json\/wp\/v2\/pages"}],"about":[{"href":"http:\/\/karabouille.com\/creche\/wp-json\/wp\/v2\/types\/page"}],"author":[{"embeddable":true,"href":"http:\/\/karabouille.com\/creche\/wp-json\/wp\/v2\/users\/1"}],"replies":[{"embeddable":true,"href":"http:\/\/karabouille.com\/creche\/wp-json\/wp\/v2\/comments?post=2517"}],"version-history":[{"count":2,"href":"http:\/\/karabouille.com\/creche\/wp-json\/wp\/v2\/pages\/2517\/revisions"}],"predecessor-version":[{"id":2534,"href":"http:\/\/karabouille.com\/creche\/wp-json\/wp\/v2\/pages\/2517\/revisions\/2534"}],"wp:attachment":[{"href":"http:\/\/karabouille.com\/creche\/wp-json\/wp\/v2\/media?parent=2517"}],"curies":[{"name":"wp","href":"https:\/\/api.w.org\/{rel}","templated":true}]}}

Accès personel

<p>Attention cette page est réservée à l&rsquo;accès aux outils de gestion du planning de la crèche.</p>
<p>Je suis un salarié &#8211;&gt; <a href="http://karabouille.com/creche/tests/Interface_filles.php">GO</a></p>
<p>Je suis le chef &#8211;&gt; <a href="http://karabouille.com/creche/admin-login/">GO</a></p>

<p>Attention cette page est réservée à l&rsquo;accès aux outils de gestion du planning de la crèche. Je suis un salarié &#8211;&gt; GO Je suis le chef &#8211;&gt; GO</p>
