{"id":1043,"date":"2012-11-28T14:51:23","date_gmt":"2012-11-28T12:51:23","guid":{"rendered":"http:\/\/karabouille.com\/creche\/?page_id=1043"},"modified":"2012-11-28T14:57:52","modified_gmt":"2012-11-28T12:57:52","slug":"petites-annonces","status":"publish","type":"page","link":"http:\/\/karabouille.com\/creche\/acces-adherents\/petites-annonces\/","title":{"rendered":"Petites annonces"},"content":{"rendered":"<p>Retrouvez prochainement les petites annonces de Karabouille.<\/p>\n<p>Envoyez d\u00e8s maintenant vos annonces par email ou directement \u00e0 l&rsquo;accueil en pr\u00e9cisant:<\/p>\n<p>&#8211; Le descriptif de(s) objet(s)<\/p>\n<p>&#8211; Etat (bon \u00e9tat, neuf, us\u00e9&#8230;)<\/p>\n<p>&#8211; Le prix<\/p>\n<p>&#8211; Une ou plusieurs photo<\/p>\n<p>&#8211; contact (t\u00e9l, email, adresse)<\/p>\n<p>&nbsp;<\/p>\n","protected":false},"excerpt":{"rendered":"<p>Retrouvez prochainement les petites annonces de Karabouille. Envoyez d\u00e8s maintenant vos annonces par email ou directement \u00e0 l&rsquo;accueil en pr\u00e9cisant: &#8211; Le descriptif de(s) objet(s) &#8211; Etat (bon \u00e9tat, neuf, us\u00e9&#8230;) &#8211; Le prix &#8211; Une ou plusieurs photo &#8211; contact (t\u00e9l, email, adresse) &nbsp;<\/p>\n","protected":false},"author":1,"featured_media":0,"parent":542,"menu_order":0,"comment_status":"closed","ping_status":"closed","template":"","meta":{"jetpack_post_was_ever_published":false,"footnotes":""},"class_list":["post-1043","page","type-page","status-publish","hentry"],"jetpack_shortlink":"https:\/\/wp.me\/P1VzF5-gP","jetpack_sharing_enabled":true,"_links":{"self":[{"href":"http:\/\/karabouille.com\/creche\/wp-json\/wp\/v2\/pages\/1043","targetHints":{"allow":["GET"]}}],"collection":[{"href":"http:\/\/karabouille.com\/creche\/wp-json\/wp\/v2\/pages"}],"about":[{"href":"http:\/\/karabouille.com\/creche\/wp-json\/wp\/v2\/types\/page"}],"author":[{"embeddable":true,"href":"http:\/\/karabouille.com\/creche\/wp-json\/wp\/v2\/users\/1"}],"replies":[{"embeddable":true,"href":"http:\/\/karabouille.com\/creche\/wp-json\/wp\/v2\/comments?post=1043"}],"version-history":[{"count":2,"href":"http:\/\/karabouille.com\/creche\/wp-json\/wp\/v2\/pages\/1043\/revisions"}],"predecessor-version":[{"id":1150,"href":"http:\/\/karabouille.com\/creche\/wp-json\/wp\/v2\/pages\/1043\/revisions\/1150"}],"up":[{"embeddable":true,"href":"http:\/\/karabouille.com\/creche\/wp-json\/wp\/v2\/pages\/542"}],"wp:attachment":[{"href":"http:\/\/karabouille.com\/creche\/wp-json\/wp\/v2\/media?parent=1043"}],"curies":[{"name":"wp","href":"https:\/\/api.w.org\/{rel}","templated":true}]}}